alculate -5 + (11 - -1) + (-2 - 3).
2
What is the value of -5 + (9 - (-13 - -25))?
-8
Evaluate 9 - (-9 + 6 + 6) - 0.
6
Evaluate 2 + -4 + (23 - 25) + -4.
-8
What is -2 - (-7 + (4 + -4 - -1))?
4
What is the value of -1 + 0 + (3 - 5) + 1?
-2
Calculate -1 + 4 + (20 - 18).
5
What is the value of (-1 - 0 - 2) + (10 - 6)?
1
What is the value of 9 + -2 + -3 - 6?
-2
What is the value of 1 + 5 + -4 + 1 + 1?
4
Evaluate (-1 - 14) + 82 + -62.
5
What is the value of -14 + (-9 - 0) + 19?
-4
What is -5 - (-7 - 2 - -4 - -3)?
-3
-4 - (2 - 6) - (2 + -8)
6
Calculate 5 + -2 + -6 + 3 + 4.
4
What is 3 + (-3 - (-1 - -1)) + -1?
-1
What is (0 - 1) + 4 + 12 + -10?
5
Calculate -6 + 12 + -5 + -4 + -1.
-4
What is the value of 2 + -3 + (3 - -1)?
3
Calculate -75 - -70 - (3 - (2 - 2)).
-8
Evaluate -7 + 6 + -1 + 0.
-2
Calculate 6 + -12 - -4 - -3.
1
-8 + 0 + 2 + 3
-3
Evaluate -4 + (9 - (-1 - -6)) + -2.
-2
Calculate 6 + 0 - (4 + -1) - -2.
5
Evaluate 3 - 3 - (-5 + (5 - 1)).
1
What is the value of -4 + (-5 + -3 - -6)?
-6
What is 2 + 1 + 0 + 3 + -3?
3
Calculate 6 + (-4 - 4) + 4 + -1.
1
Evaluate 1 - (5 + (-1 - 0)).
-3
Calculate (-2 - -11 - 4) + 0 - 2.
3
What is the value of -18 - -15 - (-1 - (4 - 2))?
0
What is -2 - (-1 + -1 + 1)?
-1
What is the value of -10 + 4 - ((-3 - 0) + 1)?
-4
What is (1 - -4) + 0 + -10 + 6?
1
What is the value of (5 - 8) + (-5 - -3)?
-5
What is 0 - (2 + 2 + (1 - 3))?
-2
Calculate (-44 - -44) + (7 - 2).
5
Calculate (-4 - 1 - -1 - -1) + 0.
-3
What is the value of (1 - -4 - 6) + (-5 - -8)?
2
-1 + (2 - (7 + -4))
-2
12 - (12 + -4) - 9
-5
-66 + 73 + (-12 - -1)
-4
What is the value of 5 + (2 - (1 - 1))?
7
Evaluate -8 - -1 - (-21 + 4 + 12).
-2
Calculate -1 + 0 - -7 - 1.
5
(8 - (1 + 2)) + (0 - 3)
2
What is the value of 13 + -8 - (7 - 3)?
1
What is -5 + 1 + 3 + -1?
-2
What is the value of -6 - (4 + (-11 - -3))?
-2
Evaluate -6 + 1 - (16 + -16).
-5
What is 0 + (2 + -3 - -1)?
0
What is 14 + (-3 - 17) + 12 + 2?
8
Evaluate (4 + 1 - 3) + -6.
-4
What is the value of 3 + (1 - 5 - -3)?
2
What is the value of (11 - 2) + 43 + -50?
2
What is the value of 1 + -15 + 18 + 0 + 1?
5
What is (-2 - 0 - -8) + -16 + 4?
-6
Calculate 7 - (-1 + -1 + 0 + 4).
5
(-4 + 1 - 2) + 15 - 4
6
What is the value of (6 - 14) + 8 + 4 + -2?
2
Evaluate 50 + -47 + (-2 - -1) + -1.
1
What is (2 - 6) + -4 - (1 + 1)?
-10
15 + (-6 + -1 - 7)
1
What is (5 - -1) + -5 - (-2 + -2)?
5
What is 5 + (-1 - (9 - 2))?
-3
What is -1 - (0 - 6) - (14 - 10)?
1
-1 + (2 + -6 - -3) - -7
5
Evaluate 0 + 0 + (2 - (5 - 0)).
-3
8 + -7 + (1 - 2) + -9
-9
Calculate 7 + -4 + -4 + 16 - 6.
9
Evaluate (3 - (5 - -2)) + 3.
-1
Evaluate -3 + 0 + -1 + 0.
-4
Evaluate 2 - ((2 - 1 - 0) + 0).
1
What is -3 + 11 + (-5 - (0 + 1))?
2
What is the value of (-6 - (1 - 9)) + -6?
-4
What is (-1 - 3 - -6 - 3) + 3?
2
What is the value of -3 + 2 - (1 + -4)?
2
What is the value of 13 - 3 - 17 - -15?
8
What is the value of 5 + (-9 - -7) + (-2 - 0)?
1
Evaluate -3 - (-5 + 0 + -3).
5
-1 + 3 - 0 - (-12 + 16)
-2
What is the value of 7 + (-11 - -3) + -1?
-2
-4 + (-1 + 5 - (4 - 10))
6
Calculate 13 - 8 - -1 - (-6 + 3).
9
What is the value of -8 + (5 - -8) - (1 - -1)?
3
Calculate -7 - ((57 - 65) + 0 + 2).
-1
What is the value of (-1 - (-3 + -3)) + -5?
0
Calculate -4 + (-3 - -4) + 4 + -3.
-2
What is (7 + -2 - (-1 + 4)) + 0?
2
(1 - -1) + (10 - 9) + -7
-4
Evaluate -7 + (-2 - -6 - (2 + -1)).
-4
Calculate -4 + (3 - 7) + 4 - 0.
-4
Evaluate 1 - (-3 + (-5 - -5)).
4
(-4 - -9 - (-7 + 13)) + 5
4
Evaluate 1 - 3 - (10 - 14).
2
Evaluate (12 - (6 - -2)) + 1.
5
Calculate 2 + (4 - 9 - -2).
-1
23 + -6 - 7 - 6
4
Evaluate (-6 - -6) + (2 - -2).
4
2 + -14 + 3 - (53 + -53)
-9
Evaluate (-9 - (0 - 4)) + (-2 - -2).
-5
3 - (-1 - 7 - (7 - 19))
-1
What is the value of 1 - (-6 - -7) - 5?
-5
Evaluate -147 - -155 - (0 + 3).
5
What is the value of -5 + -1 + 5 + -1?
-2
Evaluate 3 + 0 + 1 + -7.
-3
-1 + (-4 + 7 + -8 - -4)
-2
Evaluate -1 + (15 - 8) + -10.
-4
Evaluate -9 - -5 - (-1 + -1).
-2
-29 + 23 + 2 + 2
-2
Evaluate -1 - -10 - 5 - (1 + 0).
3
What is -14 - (10 + -7 + -9)?
-8
What is the value of (-24 - (-11 + -1)) + 12?
0
(3 - 4) + -1 + -1
-3
Evaluate 10 + 4 + -2 - 7.
5
-2 - (4 - (13 + -5)) - 7
-5
What is the value of -2 + 0 - (-6 - (-6 - -6))?
4
What is the value of (7 - (17 + 5)) + 9?
-6
10 + 8 + -20 + 11
9
What is (-1 - (-3 + 2)) + 2 + 4?
6
What is 0 + -2 + 0 + 2?
0
What is -14 - (0 + (-4 - (-4 + 6)))?
-8
Calculate 2 + 3 - (3 - -4).
-2
What is the value of (5 - (1 + 1)) + (-3 - 1)?
-1
Calculate (4 - 1) + 1 - (-11 - -16).
-1
What is -4 - (3 + 6 + -8)?
-5
Evaluate -3 + 3 + (2 - 5).
-3
What is 0 + -3 + 1 + 5 + 0?
3
-3 + -3 + 0 + (4 - 0)
-2
What is (-4 - (-14 + 3)) + -8?
-1
-4 - -14 - (-6 - -21)
-5
What is the value of 4 + 0 + -8 + (-1 - -14)?
9
(3 - 1) + 2 - -1
5
Evaluate 2 + -2 + 0 + -1 + -2.
-3
What is the value of 3 - (1 - (1 + (-1 - -2)))?
4
Evaluate 2 + (-7 - -6 - 2) - -4.
3
Evaluate (-4 - -1) + (-17 - (-11 + -3)).
-6
What is the value of 0 - 3 - (-11 + 1 + 5)?
2
Calculate 23 - 29 - (-7 - -3).
-2
What is (4 - (3 + -3 + 4)) + -2?
-2
Calculate (7 - 6 - -5) + -4.
2
What is 1 + 3 + 1 + -2?
3
Evaluate (1 - 2) + (4 - -1) + -7.
-3
Evaluate 4 - (1 + 0 + -3 + 5).
1
Calculate -50 - -57 - (1 - -6).
0
Calculate (6 - (-7 - -5 - -1)) + -5.
2
What is (0 - (4 - 4)) + 2?
2
Evaluate -1 + (-3 - -4) - 4.
-4
1 - (2 - (4 + (2 - 2)))
3
What is the value of 13 - (10 + 1 + 1)?
1
What is the value of -1 - 2 - 3 - (-4 - -3)?
-5
Calculate 12 + -12 - (-4 - 1).
5
(0 - 2 - 2 - -8) + 0
4
Evaluate -5 + -6 - (-16 - -9).
-4
What is -8 + (2 - (-4 + (1 - -1)))?
-4
Evaluate -2 + 5 + 3 + -5.
1
7 + (-2 - (6 + -4)) - 4
-1
Evaluate 1 + 3 + -1 + (-11 - -6).
-2
What is -2 + (2 - 0) - (13 - 12)?
-1
Evaluate 4 + (4 - 7) + (-1 - -2).
2
Calculate -7 + 0 + 8 + 1 + -5.
-3
-12 + (17 - 10) + -3
-8
What is -2 - -5 - ((8 - 14) + 7)?
2
5 - (2 - (-4 - 2))
-3
What is the value of -14 + 22 + -6 + (2 - 5)?
-1
Evaluate (4 - 5) + (3 - 8).
-6
What is 3 - (4 - (-1 - -4) - -1)?
1
What is the value of (6 - 2) + -4 + -8?
-8
(5 + 0 - (-13 + 14)) + -6
-2
Evaluate -4 + (1 - (-2 - 0)) + 2.
1
What is 4 - -1 - (0 + 0)?
5
What is -5 - -1 - (0 + 1 - 0)?
-5
What is -1 - ((4 - 7) + (7 - -1))?
-6
What is 10 + (14 - 25) + (-11 - -3)?
-9
What is 1 + 0 + 5 + -9?
-3
Calculate (4 - -2) + -30 + 31.
7
Evaluate -3 + (4 - 8 - -1) + 3.
-3
Evaluate 0 - 0 - 7 - -5.
-2
What is 1 + -3 + 0 + 1 - 1?
-2
3 + 3 + (3 + -1 - 9)
-1
30 - 35 - (-1 - 5)
1
What is the value of -2 + 2 + -1 + 4 + -5?
-2
What is the value of 1 - 7 - (5 - (16 - 9))?
-4
What is 7 + -6 + (1 - 3) + -3?
-4
What is the value of -1 - (16 + -9 + -6)?
-2
Calculate 282 + -286 - (6 + 0 + 0).
-10
Calculate 0 + 0 + 1 + 4.
5
What is 13 + -12 + -2 + -1?
-2
Calculate 9 + (6 - 7 - 9).
-1
What is the value of (13 - 13) + 1 + -3 + 5?
3
What is the value of (-4 - (2 + 0 - 4)) + 2?
0
2 - (-1 + 0 + -3) - -1
7
What is -8 + (-1 + -3 - (-13 - -6))?
-5
What is the value of 46 - 52 - (-1 - 9)?
4
What is the value of (12 - 18) + (-3 - -5) + 0?
-4
What is 2 + -1 + -4 + 2 - 4?
-5
What is the value of 0 - (4 + -1 + (-1 - -1))?
-3
4 - (-7 - (-12 - -4))
3
Evaluate -1 + -3 - -4 - 5.
-5
What is -40 + 26 + 3 + 2?
-9
What is the value of 2 - (-1 + -8 + 6) - -6?
11
What is (7 - (6 + 3 - 4)) + 2?
4
Calculate -21 - -7 - (-22 + -1).
9
Evaluate 13 + -14 - (-5 + -5).
9
What is the value of -3 - (-3 + 5 + 1)?
-6
Evaluate 0 - 2 - -6 - (-7 + 8).
3
Evaluate 0 + 1 + 0 + 0 + -4.
-3
-1 + 13 - (-81 + 101)
-8
Evaluate -14 + 10 + 2 + 0.
-2
What is -32 + 41 - (18 - 1)?
-8
What is -2 + 5 - 1 - (6 - 1)?
-3
What is (-5 - -1 - -7) + 3 + 3?
9
-2 + 2 - 0 - 3
-3
What is the value of (-23 - -9) + 20 + -5 + 0?
1
-7 + 4 + 0 + 2
-1
Evaluate -1 + -1 + 8 + -3.
3
Evaluate -203 - -215 - (7 - 0 - 0).
5
17 - (-2 + -7 - -18)
8
Calculate -4 + (-8 - -3) + 7.
-2
Evaluate 2 + (0 - 3 - 3) - -9.
5
What is 1 - (15 + (1 - 13))?
-2
Evaluate -5 - (-4 + -3) - 0.
2
Evaluate 0 + -2 + (-3 - -8) + -6.
-3
Calculate -10 + 3 + 20 + -9.
4
Evaluate 6 - (-2 - -5 - 2) - 4.
1
What is (2 - 2) + (-3 - 1)?
-4
What is the value of -4 + -9 + 18 + -8?
-3
Evaluate 1 + 11 - 3 - 10.
-1
What is the value of -3 + 9 - (-1 + 2)?
5
What is 5 + 4 + -6 - 4?
-1
Evaluate (5 - 11) + (-1 - -2 - -3).
-2
Evaluate (-4 - (-1 - 3)) + -4.
-4
What is -7 + 1 - (4 - (8 + -1))?
-3
Evaluate (-5 - -1) + 0 - 0.
-4
Calculate (168 - 183) + (9 - 0).